{"id":1092,"date":"2022-10-03T11:14:47","date_gmt":"2022-10-03T11:14:47","guid":{"rendered":"https:\/\/johannaruotsalainen.com\/?page_id=1092"},"modified":"2025-02-23T10:46:15","modified_gmt":"2025-02-23T10:46:15","slug":"cv","status":"publish","type":"page","link":"https:\/\/johannaruotsalainen.com\/?page_id=1092","title":{"rendered":"CV"},"content":{"rendered":"\n<p class=\"has-large-font-size\">CV<\/p>\n\n\n\n<p style=\"font-size:16px\"><strong>Education<\/strong><br>PhD of Arts, University of Lapland, ongoing<br>Master of Arts (Applied Art), University of Lapland, 2012<br>Bachelor of Art (Industrial Design), University of Lapland, 2011<br>Composer, Conservatory of Oulu, 2009<\/p>\n\n\n\n<p style=\"font-size:16px\"><strong>Other studies<\/strong><br>Pedagogical Studies for Teachers (60 ECTS cr.), University of Lapland, 2015<\/p>\n\n\n\n<p><strong>Currently working<\/strong><br>Dissertation Researcher, Doctoral program, University of Lapland<\/p>\n\n\n\n<p><strong>Premieres (musical compositions)<\/strong><br>2024 KURU &#8211; Tribute to Silence. Revision for Chamber Orchestra<br>2024 Magic Simon for Chamber Orchestra<br>2024 Epistaxiophobia for Pianotrio<br>2023 Depression Suite for Contemporary Quartet and Video Projection (voice, acc., elect., db.)<br>2022 Seven Last Words of Jesus for Voxal Sextet<br>2022 KURU \u2013 Tribute to Silence for Contemporary Tentet (cl., a-sax., bsn., tpt., trbn., b-trbn., 2 perc., vln., db.)<br>2021 Weight of Silence for Contemporay Nonet (fl., cl., hrn. in F., vln. I, vln. II, vla, vlc, pno, perc.)<br>2019 Hysteria for String Quartet and video projection<br>2018 Tapa minut ennen aamua \u2013 Kill Me Before Dawn for Violoncello and Percussion<br>2018 Fimbulvetur for Contemporary Septet (fl., cl., trbn., perc., pno., vln., vIc.)<br>2010 Otava for Euphonium Solo<br>2010 Am I Still Here? for String Quartet<br>2009 January 3 for Guitar Solo<\/p>\n\n\n\n<p><strong>Premiers (short movies)<\/strong><br>2019 I Dreamed a Dream, TAFF \u2013 Turku Animated Film Festival, Turku Finland<\/p>\n\n\n\n<p><strong>Residencies<\/strong><br>2024 Rewilding Cultures Travelling Residency in Northern Finland, Sweden and Norway<br>2020 Hanns Eisler Composer Residency, Leipzig, Germany<br>2012 VICC &#8211; Visby International Center for Composers, Visby, Sweden<br>2007 Lapland Arts Council&#8217;s Artist in Recidence, Berlin, Germany<\/p>\n\n\n\n<p><strong>Art exhibitions (solo and duo exhibitions)<\/strong><br>2024 Pasifistinen balladi &#8211; Media-art installation for 80th Anniversary of Timo K. Mukka, Lappia-talo, Rovaniemi Finland<br>2024 Artist of the Month, Korundi\/Rovaniemi Art Museum, Rovaniemi Finland<br>2019 Kempele Stories, Art Linnakallio Goes Baana, Kempele Finland<br>2019 Ne tulivat l\u00e4pi seinist\u00e4 &#8211; Artist of the month, Korundi\/Rovaniemi Art Museum, Rovaniemi Finland<br>2019 What They Say, Arctic Art Summit, University of Lapland, Rovaniemi Finland<br>2019 What They Say, exhibition with Simi Susanna Ruotsalainen, Mustanapa\/Napa Gallery, Rovaniemi Finland<br>2017 Suomi100 exhibition, Napa Gallery, Rovaniemi Finland<br>2017 Death and the Dancing Bear, 5 short animation movies, Studio Mustanapa, Rovaniemi Finland<br>2016 Kahdeksan &#8211; G\u00e1vcci, City-S\u00e1mi exhibition area, Helsinki Finland<br>2016 Untitled. Art installation, BLOOM! Hotel, Brussels Belgium<br>2016 Kahdeksan, City-Sami exhibition area, Helsinki Finland<br>2015 Relate North exhibition, Kimura Gallery, Alaska US<br>2015 HEATWAVE exhibition with Susanna Ruotsalainen, Rovaniemi City Hall Finland<br>2015 Uneksin, video exhibition, Studio Mustanapa\/Napa Gallery, Rovaniemi Finland<br>2015 Artist of the Month, Korundi\/Rovaniemi Art Museum, Rovaniemi Finland<br>2012 Pisto, Kajo Gallery, Rovaniemi Finland<\/p>\n\n\n\n<p><strong>Art exhibitions (group exhibitions)<\/strong><br>2025 Barents Spektakel, Kirkenes, Norway<br>2024 Arctic Glass Design, Rovaniemi, Finland<br>2024 Shifting Ground, Rovaniemi Art Museum Korundi, Rovaniemi<br>2023 Navigating North, Rovaniemi Art Museum Korundi, Rovaniemi<br>2022 Navigating North, Kiasma, Helsinki<br>2019 In the very act, Arktikum, Rovaniemi, Finland<br>2015 Avaus &#8211; Opening, Kemi Art Museum, Kemi, Finland<br>2013 Napapaita, Valo Gallery, Rovaniemi Finland<br>2012 Catch and Forcefully Hold, Contemporary Urban Space, Rovaniemi, Finland<br>2011 RAFLOSTi, Media Art Exhibition, Reykjavik, Iceland<br>2009 ll\u00e9 de Batz &#8211; international art course exhibition, Quimper, France<br>2004 Biennale Internationale Design, Saint \u00c9tienne, France<\/p>\n\n\n\n<p><strong>Prizes and nominations<\/strong><br>2025 1-year Scientific Scholar, Jenny and Antti Wihuri Foundation<br>2024 Timo K. Mukka, t\u00e4n\u00e4\u00e4n! Media art competition for 80th Anniversary of Timo K. Mukka, first prize (I)<br>2024 <em>Unanimes!&nbsp;<\/em>International Composition Competition\/<strong>Association<\/strong> <strong>Fran\u00e7aise des Orchestres<\/strong>, Chamber Orchestra Category, first prize (I)<br>2024 Mobility Grant, Suomen kultturirahasto &#8211; The Finnish Cultural Foundation<br>2024 Artistic Scholar, Taike Finland<br>2024 Rewilding Cultures Mobility Grant, Creative Europe programme of the European Union<br>2022 Mobility Grant, Taike Finland<br>2022 Mobility Grant, Suomen kultturirahasto &#8211; The Finnish Cultural Foundation<br>2022 1-year Artistic Scholar, Taike Finland<br>2021 Scholar, OKKA-foundation, Finland<br>2019 Festival Composer in Open Circuit Festival of Experimental Music (Liverpool, UK)<br>2018 Herbert prize for composing TPlCC2018, first prize (l)<br>2018 Festival Composer in Mise-En Festival (New York, USA)<br>2011 Lieksa Brass International Composing Competition, second prize (Il)<\/p>\n\n\n\n<p><strong>Public artwork<\/strong><br>2024 Outlet, media art installation, Jenny and Antti Wihuri Foundation Art Collection<br>2019 Kempele Stories, outdoor wall mural and sound art piece, Kempele, Finland<br>2019 What They Say, media art installation, Jenny and Antti Wihuri Foundation Art Collection<br>2019 One for Sorrow RE-mix, BLOOM! Hotel, Brussels Belgium<br>2009 One for Sorrow. Fresco Painting. BLOOM! Hotel, Brussels Belgium<br>2012 SNow. Art relief, painted wood. Hotel SantaSport, Rovaniemi Finland<\/p>\n\n\n\n<p><strong>Publications<\/strong><br>2024 Ruotsalainen, J. (2024). Discursive frameworks of Arctic art. Arctic Yearbook 2024 &#8211; Arctic Relations: Transformations, Legacies and Futures. https:\/\/arcticyearbook.com\/arctic-yearbook\/2024\/2024-scholarly-papers\/526-discursive-frameworks-of-arctic-art<\/p>\n\n\n\n<p><strong>Seminar speaker, guest lecturer<\/strong><br>2019 Art Linnakallio goes Baana Art symposium, \u201dYhteis\u00f6taiteeen menetelm\u00e4t julkisen taiteen prosesseissa\u201d, Kempele, Finland<br>2019 Arctic Art Summit, \u201dPerforming Arts in Arctic\u201d panel, University of Lapland, Rovaniemi, Finland<br>2019 Open circuit festival seminar, \u201dMedia arts and experimenting with technology\u201d, University of Liverpool, Liverpool, UK<br>2016 Art seminar, Hotel BLOOM! international art event, artist talk, Brussels, Belgium<\/p>\n","protected":false},"excerpt":{"rendered":"<p>CV EducationPhD of Arts, University of Lapland, ongoingMaster of Arts (Applied Art), University of Lapland, 2012Bachelor of Art (Industrial Design), University of Lapland, 2011Composer, Conservatory of Oulu, 2009 Other studiesPedagogical Studies for Teachers (60 ECTS cr.), University of Lapland, 2015 Currently workingDissertation Researcher, Doctoral program, University of Lapland Premieres (musical compositions)2024 KURU &#8211; Tribute to &hellip;<\/p>\n<p class=\"read-more\"> <a class=\"\" href=\"https:\/\/johannaruotsalainen.com\/?page_id=1092\"> <span class=\"screen-reader-text\">CV<\/span> Read More &raquo;<\/a><\/p>\n","protected":false},"author":1,"featured_media":0,"parent":0,"menu_order":0,"comment_status":"closed","ping_status":"closed","template":"","meta":{"_uag_custom_page_level_css":"","_monsterinsights_skip_tracking":false,"_monsterinsights_sitenote_active":false,"_monsterinsights_sitenote_note":"","_monsterinsights_sitenote_category":0,"site-sidebar-layout":"default","site-content-layout":"default","ast-global-header-display":"","ast-main-header-display":"","ast-hfb-above-header-display":"","ast-hfb-below-header-display":"","ast-hfb-mobile-header-display":"","site-post-title":"disabled","ast-breadcrumbs-content":"","ast-featured-img":"","footer-sml-layout":"","theme-transparent-header-meta":"","adv-header-id-meta":"","stick-header-meta":"","header-above-stick-meta":"","header-main-stick-meta":"","header-below-stick-meta":"","ngg_post_thumbnail":0,"footnotes":""},"class_list":["post-1092","page","type-page","status-publish","hentry"],"aioseo_notices":[],"uagb_featured_image_src":{"full":false,"thumbnail":false,"medium":false,"medium_large":false,"large":false,"1536x1536":false,"2048x2048":false},"uagb_author_info":{"display_name":"johanruo@oamk.fi","author_link":"https:\/\/johannaruotsalainen.com\/?author=1"},"uagb_comment_info":0,"uagb_excerpt":"CV EducationPhD of Arts, University of Lapland, ongoingMaster of Arts (Applied Art), University of Lapland, 2012Bachelor of Art (Industrial Design), University of Lapland, 2011Composer, Conservatory of Oulu, 2009 Other studiesPedagogical Studies for Teachers (60 ECTS cr.), University of Lapland, 2015 Currently workingDissertation Researcher, Doctoral program, University of Lapland Premieres (musical compositions)2024 KURU &#8211; Tribute to&hellip;","_links":{"self":[{"href":"https:\/\/johannaruotsalainen.com\/index.php?rest_route=\/wp\/v2\/pages\/1092","targetHints":{"allow":["GET"]}}],"collection":[{"href":"https:\/\/johannaruotsalainen.com\/index.php?rest_route=\/wp\/v2\/pages"}],"about":[{"href":"https:\/\/johannaruotsalainen.com\/index.php?rest_route=\/wp\/v2\/types\/page"}],"author":[{"embeddable":true,"href":"https:\/\/johannaruotsalainen.com\/index.php?rest_route=\/wp\/v2\/users\/1"}],"replies":[{"embeddable":true,"href":"https:\/\/johannaruotsalainen.com\/index.php?rest_route=%2Fwp%2Fv2%2Fcomments&post=1092"}],"version-history":[{"count":15,"href":"https:\/\/johannaruotsalainen.com\/index.php?rest_route=\/wp\/v2\/pages\/1092\/revisions"}],"predecessor-version":[{"id":1327,"href":"https:\/\/johannaruotsalainen.com\/index.php?rest_route=\/wp\/v2\/pages\/1092\/revisions\/1327"}],"wp:attachment":[{"href":"https:\/\/johannaruotsalainen.com\/index.php?rest_route=%2Fwp%2Fv2%2Fmedia&parent=1092"}],"curies":[{"name":"wp","href":"https:\/\/api.w.org\/{rel}","templated":true}]}}